f 14651?
True
Does 20 divide 3240?
True
Is 3078 a multiple of 6?
True
Does 91 divide 3050?
False
Does 44 divide 10736?
True
Does 52 divide 1030?
False
Is 476 a multiple of 14?
True
Is 1903 a multiple of 11?
True
Does 9 divide 1171?
False
Does 20 divide 1040?
True
Does 21 divide 2394?
True
Is 14 a factor of 68?
False
Does 76 divide 3061?
False
Is 53 a factor of 8263?
False
Does 26 divide 488?
False
Does 20 divide 623?
False
Is 16 a factor of 1712?
True
Does 42 divide 12928?
False
Is 800 a multiple of 10?
True
Is 14 a factor of 11279?
False
Is 39942 a multiple of 18?
True
Is 20 a factor of 10850?
False
Is 31 a factor of 1457?
True
Is 9 a factor of 6552?
True
Is 1510 a multiple of 8?
False
Is 3 a factor of 3106?
False
Is 676 a multiple of 8?
False
Is 5519 a multiple of 16?
False
Is 16418 a multiple of 10?
False
Is 17 a factor of 1055?
False
Is 85 a factor of 1985?
False
Does 7 divide 232?
False
Is 628 a multiple of 29?
False
Is 25228 a multiple of 7?
True
Is 60 a factor of 2037?
False
Is 108985 a multiple of 355?
True
Does 26 divide 2075?
False
Does 11 divide 1573?
True
Is 6784 a multiple of 87?
False
Is 16 a factor of 8992?
True
Is 5 a factor of 684?
False
Is 130 a multiple of 16?
False
Is 4251 a multiple of 68?
False
Does 10 divide 1267?
False
Is 17 a factor of 107125?
False
Is 47980 a multiple of 103?
False
Is 47333 a multiple of 82?
False
Is 96 a factor of 672?
True
Is 12 a factor of 96?
True
Is 9750 a multiple of 20?
False
Is 14 a factor of 3094?
True
Does 22 divide 1210?
True
Is 117 a factor of 4732?
False
Is 29 a factor of 12557?
True
Is 101 a factor of 8785?
False
Is 2 a factor of 120?
True
Is 1181 a multiple of 12?
False
Does 139 divide 2780?
True
Is 111 a factor of 27215?
False
Is 3944 a multiple of 68?
True
Is 21226 a multiple of 101?
False
Is 12 a factor of 24796?
False
Does 15 divide 5696?
False
Is 27 a factor of 135?
True
Is 34117 a multiple of 313?
True
Does 8 divide 256?
True
Is 327 a multiple of 5?
False
Does 29 divide 2562?
False
Does 111 divide 30251?
False
Is 12684 a multiple of 7?
True
Is 17 a factor of 663?
True
Is 11 a factor of 10098?
True
Is 727 a multiple of 4?
False
Does 46 divide 552?
True
Does 23 divide 22519?
False
Is 33 a factor of 1815?
True
Does 26 divide 78?
True
Does 4 divide 3195?
False
Does 22 divide 154?
True
Is 18 a factor of 3186?
True
Does 13 divide 780?
True
Does 132 divide 1320?
True
Is 24504 a multiple of 12?
True
Is 8 a factor of 408?
True
Is 72 a factor of 5472?
True
Is 372 a multiple of 3?
True
Is 62 a factor of 1262?
False
Does 9 divide 4876?
False
Is 9 a factor of 40673?
False
Does 26 divide 2392?
True
Is 198 a factor of 54545?
False
Does 31 divide 1519?
True
Does 32 divide 65664?
True
Is 42611 a multiple of 11?
False
Does 18 divide 1008?
True
Is 19 a factor of 13023?
False
Is 7560 a multiple of 21?
True
Is 260 a multiple of 130?
True
Is 84 a factor of 33700?
False
Does 3 divide 8428?
False
Does 20 divide 744?
False
Is 16280 a multiple of 40?
True
Is 5 a factor of 715?
True
Is 4 a factor of 73?
False
Does 9 divide 522?
True
Does 3 divide 852?
True
Does 31 divide 3860?
False
Does 51 divide 2193?
True
Is 21 a factor of 63?
True
Is 6 a factor of 226?
False
Is 1801 a multiple of 10?
False
Is 48680 a multiple of 26?
False
Is 139 a factor of 22511?
False
Is 12 a factor of 12?
True
Does 22 divide 1342?
True
Does 11 divide 3212?
True
Does 19 divide 279?
False
Does 9 divide 49504?
False
Is 31 a multiple of 2?
False
Is 98 a factor of 1097?
False
Is 8 a factor of 146?
False
Is 47 a factor of 940?
True
Is 36 a factor of 1105?
False
Is 3 a factor of 186?
True
Does 9 divide 28971?
True
Is 55 a factor of 64721?
False
Is 766 a multiple of 7?
False
Is 12 a factor of 132?
True
Is 116642 a multiple of 144?
False
Is 31 a factor of 1116?
True
Is 7947 a multiple of 17?
False
Does 46 divide 281?
False
Is 3 a factor of 207?
True
Is 25 a factor of 1775?
True
Does 36 divide 4896?
True
Is 15277 a multiple of 22?
False
Is 84678 a multiple of 11?
True
Is 3273 a multiple of 58?
False
Is 387 a multiple of 7?
False
Is 242 a multiple of 8?
False
Does 7 divide 32410?
True
Is 416 a multiple of 4?
True
Does 283 divide 28829?
False
Is 23 a factor of 8997?
False
Does 7 divide 21217?
True
Does 8 divide 216?
True
Is 1391 a multiple of 2?
False
Does 32 divide 3072?
True
Does 3 divide 151?
False
Is 546 a multiple of 23?
False
Is 1674 a multiple of 31?
True
Is 7056 a multiple of 42?
True
Is 66729 a multiple of 29?
True
Does 2 divide 1185?
False
Does 16 divide 448?
True
Is 57 a factor of 285?
True
Is 2937 a multiple of 33?
True
Is 84 a factor of 4956?
True
Does 30 divide 843?
False
Is 144 a factor of 39530?
False
Is 27198 a multiple of 61?
False
Is 645 a multiple of 129?
True
Is 32679 a multiple of 13?
False
Does 49 divide 32046?
True
Is 19 a factor of 2204?
True
Is 1800 a multiple of 60?
True
Does 12 divide 768?
True
Is 1575 a multiple of 45?
True
Does 38 divide 43586?
True
Does 32 divide 61440?
True
Is 5205 a multiple of 15?
True
Is 7812 a multiple of 28?
True
Is 155 a factor of 56575?
True
Is 29 a factor of 2233?
True
Does 6 divide 234?
True
Is 222 a factor of 37074?
True
Is 39 a factor of 29172?
True
Is 4251 a multiple of 8?
False
Is 953 a multiple of 10?
False
Is 1918 a multiple of 10?
False
Does 12 divide 2202?
False
Is 24 a factor of 24?
True
Is 5 a factor of 3205?
True
Is 19 a factor of 254?
False
Is 578 a multiple of 2?
True
Is 13 a factor of 2574?
True
Is 2 a factor of 47?
False
Does 14 divide 26682?
False
Is 777 a multiple of 37?
True
Does 16 divide 23792?
True
Does 46 divide 4149?
False
Does 53 divide 3498?
True
Is 5 a factor of 14815?
True
Is 3833 a multiple of 84?
False
Does 78 divide 2106?
True
Does 18 divide 1116?
True
Is 4772 a multiple of 119?
False
Does 10 divide 624?
False
Does 13 divide 8024?
False
Does 54 divide 20250?
True
Does 12 divide 494?
False
Is 49376 a multiple of 82?
False
Is 93 a factor of 8162?
False
Is 11983 a multiple of 16?
False
Does 13 divide 303?
False
Does 15 divide 17385?
True
Is 290 a multiple of 10?
True
Is 68 a factor of 82?
False
Is 4543 a multiple of 11?
True
Is 73 a factor of 41172?
True
Is 700 a multiple of 20?
True
Does 14 divide 933?
False
Is 77 a factor of 1614?
False
Is 143 a multiple of 2?
False
Is 373 a multiple of 11?
False
Does 32 divide 992?
True
Does 18 divide 6270?
False
Does 62 divide 930?
True
Is 6426 a multiple of 21?
True
Is 4 a factor of 453?
False
Is 1508 a multiple of 10?
False
Does 16 divide 8080?
True
Does 5 divide 50923?
False
Does 7 divide 1428?
True
Is 1107 a multiple of 16?
False
Does 30 divide 4290?
True
Does 10 divide 42634?
False
Does 48 divide 5812?
False
Is 128692 a multiple of 229?
False
Is 220 a factor of 6851?
False
Is 4761 a multiple of 30?
False
Does 14 divide 1760?
False
Is 2814 a multiple of 14?
True
Does 9 divide 3114?
True
Is 2899 a multiple of 13?
True
Is 172 a factor of 40936?
True
Does 43 divide 11739?
True
Is 26 a factor of 3172?
True
Is 12 a factor of 3968?
False
Does 11 divide 5970?
False
Does 9 divide 3546?
True
Is 28 a multiple of 28?
True
Does 19 divide 53475?
False
Is 2 a factor of 4666?
True
Is 79 a factor of 6391?
False
Does 17 divide 383?
False
Is 13090 a multiple of 35?
True
Is 660 a multiple of 22?
True
Is 8 a factor of 703?
False
Does 20 divide 100521?
False
Is 37148 a multiple of 37?
True
Is 27211 a multiple of 109?
False
Does 92 divide 644?
True
Is 14446 a multiple of 34?
False
Is 6 a factor of 1789?
False
Does 12 divide 16519?
False
Is 32 a factor of 32?
True
Is 34 a factor of 680?
True
Is 2 a factor of 15060?
True
Is 39 a factor of 252?
False
Is 16 a factor of 3472?
True
Does 13 divide 6601?
False
Is 471 a multiple of 14?
False
Is 11 a factor of 3630?
True
Does 15 divide 960?
True
Is 71 a factor of 228?
False
Does 3 divide 460?
False
Does 33 divide 911?
False
Is 132 a factor of 1241?
False
Is 2 a factor of 271?
False
Is 6 a factor of 133?
False
Is 9 a factor of 1917?
True
Is 5 a factor of 695?
True
Is 46056 a multiple of 202?
True
Is 41340 a multiple of 13?
True
Is 78 a factor of 3103?
False
Is 25 a factor of 9625?
True
Is 91138 a multiple of 359?
False
Is 3672 a multiple of 108?
True
Is 7463 a multiple of 139?
False
Does 7 divide 1764?
True
Is 48 a factor of 473?
False
Is 5117 a multiple of 43?
True
Is 12 a factor of 3060?
True
Doe